 -z*p + 49, 2*u = -4*p + 66. List the prime factors of p.
2
Let n = 32 + -23. Suppose -4*d + n*d = -5. Let j(l) = -36*l - 2. What are the prime factors of j(d)?
2, 17
Suppose 5*i - 30 = -i. Suppose -65 = -i*y - v + 5*v, 0 = 3*v - 15. Suppose -7*j + 116 = -y. What are the prime factors of j?
19
Suppose 4*r = c - 645, 3*c - 3*r = c + 1295. What are the prime factors of c?
11, 59
Let s be (-2)/(-10) - 96/(-20). Suppose -s*g + 3*t + 205 = -47, 0 = -2*g + 5*t + 97. What are the prime factors of g?
3, 17
Let z = 720 + 770. List the prime factors of z.
2, 5, 149
Let p be (-4)/(-18) - 2316/(-27). Suppose -3*g + 2*g = -p. Suppose -f - g = -3*t, f + 114 = 2*t + 2*t. List the prime factors of t.
2, 7
Suppose -5*k - c = 2*c - 3049, k - 620 = -4*c. List the prime factors of k.
2, 19
Suppose -2*v - 28 = -2*x - 5*v, -5*x + 70 = v. Suppose -4*j = -x - 54. Let z = -9 + j. List the prime factors of z.
2
Let g = 41 + -54. List the prime factors of g/52 - 586/(-8).
73
Let l(r) = -r**2 - 9*r - 6. Let y(z) = -2*z**2 - 17*z - 12. Let f(o) = 5*l(o) - 3*y(o). Let x be f(-6). Suppose 0*k - x = -k. List the prime factors of k.
2, 3
Suppose -40 = -80*d + 79*d. Let t = d + 16. List the prime factors of t.
2, 7
Let g = 2 - 0. Suppose -4*a = -20, -2*h - g*h + a = -103. List the prime factors of (1 + h)/(4/6).
2, 3, 7
Let q = 335 + -92. List the prime factors of q.
3
Let p = 15 + -11. Suppose -82 = -4*v + 4*t + 6, -p*v = t - 83. What are the prime factors of (v/9 + -3)*-27?
2, 3
Let y = -31 - -16. Let k = 9 + y. List the prime factors of (28/k)/((-4)/6).
7
Let k(i) = i**3 + 17*i**2 - 19*i - 9. Suppose -3*t = b + 56, 2*t + b = 2*b - 34. List the prime factors of k(t).
3
Let k(m) = -m**3 + 3*m**2 + 3*m - 4. Suppose 0 = -2*h + 2, 0 = -i - 4*i + 2*h + 13. Let s be k(i). Suppose s*l - 71 = 39. What are the prime factors of l?
2, 11
Let q = -12 - -20. Let u = 20 + q. List the prime factors of u.
2, 7
Let r(q) = -11*q + 1. Let h be r(-1). Suppose -z - 3 = -h. List the prime factors of z.
3
Suppose -7*b = 7 + 14. What are the prime factors of (-1575)/14*2/b?
3, 5
Suppose -2*s - f = -717, -s + 2*f = -3*s + 716. What are the prime factors of s?
359
Let h(a) = 29*a + 13. Let k = -92 - -98. What are the prime factors of h(k)?
11, 17
Let j(p) = 2*p + 14. Let x be j(-5). Suppose 5*z - 25 = 0, -4*v = x*z + z - 265. What are the prime factors of v?
2, 3, 5
Suppose -5*x = -4*a - 17 - 72, -2*x = -a - 23. Let q = -3 - a. List the prime factors of q.
2, 3
Let m = -69 + 259. Let k = m - 130. What are the prime factors of k?
2, 3, 5
Let x be 2 - 0 - (-8 - -6). What are the prime factors of x/10 - (-4536)/60?
2, 19
Let a(z) be the second derivative of z**4/12 + 5*z**3/3 - 8*z**2 + z. Let v be a(-11). List the prime factors of 43/2 + v/(-10).
2, 11
Suppose 7*x = 3*x - 3*v + 5841, -x - 3*v = -1449. Suppose 4*m + x = 12*m. What are the prime factors of m?
3, 61
Let l(v) = -v. Let y be l(-4). Suppose -8 = -y*z - 0. Suppose 0 = -r + 7 + z. What are the prime factors of r?
3
Let q be 3 + ((-4)/(-4) - (-2)/(-1)). What are the prime factors of (5/(30/39))/(q/32)?
2, 13
Let d be (-1 - 2 - -2 - -2) + 14. What are the prime factors of ((-522)/(-15))/(d/50)?
2, 29
Let x be (-2)/(-13) + (-280)/130. List the prime factors of (-3)/x + (-1705)/(-22).
79
Let x be 2/6 + 2/(-12)*2. Suppose x = 5*m - 4*u - 794, -4*m + 3*u - 33 = -669. What are the prime factors of m?
2, 3
Let j = 4281 + -1222. What are the prime factors of j?
7, 19, 23
Suppose 4*a + 3*z = 1525, 1527 = 4*a - 19*z + 20*z. List the prime factors of a.
2, 191
Suppose -5*i = -2*b + 315, -4*b + 166 = -3*i - 9. Let q = -36 - i. Suppose -4*s + 3*s + q = -4*y, 4 = s + y. List the prime factors of s.
3
Let m(s) = s**3 - 29*s**2 - 24*s + 47. What are the prime factors of m(30)?
227
Let i(a) = a**3 - 3*a**2 + a - 5. Let o be i(6). Let c = o - 67. List the prime factors of c.
2, 3, 7
Let l = 2 - -4. Suppose 0*m + 234 = l*m. What are the prime factors of m?
3, 13
Let x be 32 - (4 + -4 + 1 + -1). Suppose 28*z + 364 = x*z. What are the prime factors of z?
7, 13
Suppose -3*b + 6 = -12. Suppose g + 80 = b*g. What are the prime factors of g?
2
Let p be 3/(-18) - 1/(-6). Let f = 4 - p. Suppose -2*t - f*t + 144 = 0. What are the prime factors of t?
2, 3
Suppose 13*n - 17*n = -5156. List the prime factors of n.
1289
Let b be 16478/8 + 3/12. Suppose -4*k = -4*m - 0*k + b, m + k = 511. What are the prime factors of (2/(-3))/((-18)/m)?
19
What are the prime factors of 175170/100 + 12/40?
2, 3, 73
Suppose -49 + 14 = 5*r. Suppose 6*h = 55 - 1. Let d = h - r. List the prime factors of d.
2
Let v = -1195 + 1315. List the prime factors of v.
2, 3, 5
Suppose 0*y + 95 = -5*y. Let m = y - -7. List the prime factors of 3/m + (-543)/(-12).
3, 5
Let g be ((-36)/(-8) - 2)*4/5. List the prime factors of ((-68)/g)/(1 + (-5)/3).
3, 17
Suppose 23*x = 24*x. Suppose -c = -a + 93, a - 96 = -x*a + 2*c. List the prime factors of a.
2, 3, 5
Suppose -18733 = 726*v - 739*v. List the prime factors of v.
11, 131
Suppose 2*k = 3*k, 4*r - 3*k + 36 = 0. Let h = -7 - r. Suppose -h*w + 2 = -30. List the prime factors of w.
2
Let a = 48 - 24. Suppose 8 = 2*v - 18. Let p = a - v. List the prime factors of p.
11
Let c(v) = -v**2 - 4*v. Let z be c(-3). Suppose -2*i - 11 = g, 0 = z*i - 3*g - 7 + 1. What are the prime factors of i/1*(0 - 4)?
2, 3
Let w be (-141)/(-9)*15 - (1 - 2). List the prime factors of (9/(-12))/(-1)*w - 3.
2, 3, 29
Let u(q) = q**3 + 21*q**2 - 105*q + 21. What are the prime factors of u(-24)?
3, 271
List the prime factors of (2*(-9252)/(-48))/(4/16).
2, 3, 257
Let i(r) = r**2 + r - 7. Let f be i(3). Suppose -3*n + 8*n = 4*m + 208, 2*m = f*n - 214. Suppose 3*b - 61 = n. What are the prime factors of b?
5, 7
Let z(w) be the second derivative of w**6/120 + 7*w**5/60 - w**4/12 + 5*w**2 + 7*w. Let v(l) be the first derivative of z(l). List the prime factors of v(-5).
2, 3, 5
Let o(s) be the second derivative of s**5/20 + s**4 + 8*s**2 + 22*s. What are the prime factors of o(-12)?
2
What are the prime factors of ((2 + -1)*-1)/((-32)/71168)?
2, 139
Let p(s) = 9*s**3 - 2*s**2 - 3*s + 3. Suppose -2*b - 5 = -9. What are the prime factors of p(b)?
61
What are the prime factors of (-1)/(-5) - 142653/(-35)?
2, 1019
Suppose 0 = -41*i + 42*i - 4*y - 730, 2*y = 4*i - 2962. List the prime factors of i.
2, 7, 53
Suppose 21*g + 461 = 2939. List the prime factors of g.
2, 59
Suppose 299 = 2*g - 313. List the prime factors of g.
2, 3, 17
Suppose 2*v = 3*m + 1307, -6*m - 2*v - 2173 = -m. Let n = 658 + m. List the prime factors of n.
223
Let y(c) = 50*c + 99. List the prime factors of y(12).
3, 233
Suppose 3*w + 3*f = -f + 16, -1 = w - 5*f. Let u(q) = -q**2 + 5*q + 2. Let l be u(w). Suppose 0 - l = -m. What are the prime factors of m?
2, 3
Suppose 0 = 3*q + q, 9 = -3*m - 3*q. List the prime factors of (5 + -11)*22/m.
2, 11
Let f(r) = r**3 + 8*r**2 - 2*r - 11. Let z be f(-8). Suppose -w = 5*s - 3*s, 0 = -3*w + z*s + 55. What are the prime factors of (-40)/(-2)*5/w?
2, 5
Suppose -4*k - 22 = -202. Let v = 5 + -2. Suppose -5*s - 2*n - 2*n = -109, 0 = -2*s - v*n + k. What are the prime factors of s?
3, 7
Let x(y) = -13*y - 16. Let g(v) = 7*v + 8. Let m(u) = 7*g(u) + 4*x(u). Suppose 4*r - 5*r = 6. List the prime factors of m(r).
2, 5
Suppose 7 = 3*b + 1. Suppose 0 = -b*c + 315 + 65. Suppose -z = 4*z - c. What are the prime factors of z?
2, 19
Suppose 0 = -2*y - 0*y - 4, -3*y = d - 187. List the prime factors of d.
193
Let r(m) = 3*m**2 - 16*m + 92. What are the prime factors of r(-18)?
2, 13
Let h be (-3)/1 - (9 + -100). Suppose -4*i - h = -8*i. List the prime factors of i.
2, 11
Suppose 3*j + 346 = 5*j. Let p = 245 - j. What are the prime factors of p?
2, 3
Suppose -5*x + 9*x = 12. Suppose x*p = -0 + 129. What are the prime factors of p?
43
Let h(o) = 2*o**2 - 6*o + 4. Let x = 5 + 2. What are the prime factors of h(x)?
2, 3, 5
Let f = -1203 + 4483. List the prime factors of f.
2, 5, 41
Suppose 0 = -10*u + 71 + 229. List the prime factors of (-21)/((-2)/u*108/24).
2, 5, 7
Let m(l) = l**3 + 42*l**2 - 7*l + 28. What are the prime factors of m(-16)?
2, 1699
Let i = 962 - 430. List the prime factors of i.
2, 7, 19
Suppose -8*m + 0*m = -184. Suppose 4*h - m = 53. List the prime factors of h.
19
Let b = 5 + -8. Let v(u)